.
34
Calculate the remainder when 115371 is divided by 59.
26
What is the remainder when 77288497 is divided by 14?
13
Calculate the remainder when 29535362 is divided by 9845120.
2
Calculate the remainder when 15256870 is divided by 14.
6
What is the remainder when 3151155 is divided by 40?
35
What is the remainder when 11796 is divided by 11697?
99
What is the remainder when 95311404 is divided by 3583?
21
What is the remainder when 85840121 is divided by 1021906?
17
What is the remainder when 78570 is divided by 182?
128
What is the remainder when 273967 is divided by 272806?
1161
What is the remainder when 242444 is divided by 151?
89
Calculate the remainder when 2246540 is divided by 137.
14
Calculate the remainder when 64236 is divided by 9021.
1089
Calculate the remainder when 46550759 is divided by 11637688.
7
Calculate the remainder when 15240094 is divided by 20.
14
What is the remainder when 471619 is divided by 462502?
9117
What is the remainder when 2339598 is divided by 315?
93
What is the remainder when 1439008 is divided by 2576?
1600
What is the remainder when 683278 is divided by 12564?
4822
Calculate the remainder when 606003 is divided by 6515.
108
What is the remainder when 4645790157 is divided by 1815?
1812
What is the remainder when 21595027 is divided by 2671?
2663
Calculate the remainder when 2654834 is divided by 201.
26
What is the remainder when 203148 is divided by 2?
0
What is the remainder when 2552788 is divided by 644?
616
What is the remainder when 66182 is divided by 973?
18
What is the remainder when 157291037 is divided by 32?
29
Calculate the remainder when 111748220 is divided by 784.
780
What is the remainder when 231340 is divided by 16433?
1278
What is the remainder when 449738 is divided by 32118?
86
What is the remainder when 891934 is divided by 1554?
1492
Calculate the remainder when 32609895 is divided by 263.
262
Calculate the remainder when 3032909 is divided by 470.
469
Calculate the remainder when 1095706 is divided by 244.
146
What is the remainder when 2988024 is divided by 165999?
42
Calculate the remainder when 5388372 is divided by 72.
36
What is the remainder when 42367 is divided by 18764?
4839
Calculate the remainder when 972807 is divided by 12800.
7
What is the remainder when 4840603 is divided by 247?
144
What is the remainder when 72658870 is divided by 13989?
4
What is the remainder when 150035 is divided by 111?
74
Calculate the remainder when 3227550 is divided by 1613771.
8
What is the remainder when 8693638 is divided by 1140?
1138
What is the remainder when 11168667 is divided by 631?
598
What is the remainder when 14000724 is divided by 1272780?
144
Calculate the remainder when 213108 is divided by 195.
168
What is the remainder when 46780 is divided by 45716?
1064
What is the remainder when 5477014 is divided by 24?
22
Calculate the remainder when 17048 is divided by 1268.
564
What is the remainder when 81550 is divided by 7526?
6290
Calculate the remainder when 14654555 is divided by 1719.
80
What is the remainder when 5178148 is divided by 210?
178
What is the remainder when 33905 is divided by 11183?
356
What is the remainder when 5184 is divided by 1257?
156
What is the remainder when 410852 is divided by 8?
4
What is the remainder when 547173170 is divided by 61?
59
Calculate the remainder when 2955557 is divided by 168.
101
Calculate the remainder when 1878290 is divided by 375657.
5
Calculate the remainder when 493008 is divided by 3061.
187
Calculate the remainder when 177511617 is divided by 660.
657
What is the remainder when 901274 is divided by 1730?
1674
Calculate the remainder when 654481 is divided by 218136.
73
Calculate the remainder when 8136 is divided by 1818.
864
What is the remainder when 3638777 is divided by 225?
77
What is the remainder when 376123 is divided by 1817?
4
What is the remainder when 2090281 is divided by 2090075?
206
What is the remainder when 3843543 is divided by 2590?
2573
Calculate the remainder when 58058403 is divided by 42.
39
What is the remainder when 142770 is divided by 206?
12
What is the remainder when 1181567 is divided by 2312?
135
What is the remainder when 160507739 is divided by 30?
29
What is the remainder when 1012788 is divided by 10888?
204
What is the remainder when 551304 is divided by 1133?
666
What is the remainder when 11462895 is divided by 1997?
115
What is the remainder when 79279 is divided by 529?
458
What is the remainder when 33038 is divided by 60?
38
What is the remainder when 4761 is divided by 9?
0
What is the remainder when 421787 is divided by 232?
11
Calculate the remainder when 148493 is divided by 72893.
2707
What is the remainder when 5369361 is divided by 30682?
11
What is the remainder when 2122783 is divided by 696?
679
What is the remainder when 10043902 is divided by 4?
2
Calculate the remainder when 384380 is divided by 5197.
4999
What is the remainder when 10112198 is divided by 316006?
6
Calculate the remainder when 196856 is divided by 1711.
91
Calculate the remainder when 347127 is divided by 2877.
1887
What is the remainder when 357968 is divided by 2295?
2243
What is the remainder when 191803 is divided by 1222?
1171
Calculate the remainder when 573258 is divided by 41.
37
Calculate the remainder when 2249 is divided by 179.
101
Calculate the remainder when 295411 is divided by 396.
391
Calculate the remainder when 92861299 is divided by 32.
19
Calculate the remainder when 1361091 is divided by 59157.
480
What is the remainder when 6295072 is divided by 1255?
1247
Calculate the remainder when 23675 is divided by 6954.
2813
Calculate the remainder when 14638427 is divided by 522.
503
What is the remainder when 1033062 is divided by 1373?
566
What is the remainder when 1363223 is divided by 4750?
4723
Calculate the remainder when 38296154 is divided by 277508.
50
Calculate the remainder when 170066632 is divided by 170.
162
Calculate the remainder when 81679 is divided by 1329.
610
What is the remainder when 119095 is divided by 375?
220
What is the remainder when 113416 is divided by 2835?
16
What is the remainder when 2592480 is divided by 1979?
1969
What is the remainder when 631334 is divided by 63005?
1284
What is the remainder when 26064 is divided by 25?
14
What is the remainder when 7360144 is divided by 2453380?
4
What is the remainder when 54825 is divided by 18045?
690
What is the remainder when 13436679 is divided by 16?
7
Calculate the remainder when 108341 is divided by 2060.
1221
What is the remainder when 4589643 is divided by 2990?
2983
What is the remainder when 4015277 is divided by 26948?
25
Calculate the remainder when 278743165 is divided by 588.
1
Calculate the remainder when 4337824 is divided by 520.
504
Calculate the remainder when 18930 is divided by 2898.
1542
What is the remainder when 18805 is divided by 3752?
45
What is the remainder when 11155320 is divided by 5257?
5223
What is the remainder when 12864999 is divided by 415?
414
What is the remainder when 471047 is divided by 470696?
351
What is the remainder when 685836 is divided by 342902?
32
What is the remainder when 196548 is divided by 875?
548
What is the remainder when 1090955 is divided by 34?
31
What is the remainder when 1672380 is divided by 4311?
4023
What is the remainder when 554564 is divided by 140?
24
What is the remainder when 111521 is divided by 1001?
410
Calculate the remainder when 1798651 is divided by 199847.
28
Calculate the remainder when 13871488 is divided by 189.
22
Calculate the remainder when 7616337 is divided by 20.
17
Calculate the remainder when 727358 is divided by 5309.
25
Calculate the remainder when 177487 is divided by 496.
415
Calculate the remainder when 21316 is divided by 179.
15
What is the remainder when 8124850 is divided by 7393?
7336
What is the remainder when 251859758 is divided by 170?
168
Calculate the remainder when 152532714 is divided by 4262.
4258
Calculate the remainder when 88055 is divided by 9781.
26
What is the remainder when 20239826 is divided by 2529973?
42
Calculate the remainder when 806454 is divided by 354.
42
What is the remainder when 570831869 is divided by 294?
293
What is the remainder when 364712 is divided by 11?
7
Cal